ase 8.
-3
-4 (base 9) to base 10
-4
-9 (base 12) to base 2
-1001
Convert 1 (base 2) to base 3.
1
What is -13 (base 16) in base 8?
-23
Convert 20211 (base 3) to base 13.
112
-12 (base 3) to base 5
-10
Convert 5 (base 13) to base 3.
12
5 (base 10) to base 4
11
Convert -3 (base 5) to base 11.
-3
Convert 13 (base 14) to base 6.
25
What is -10 (base 5) in base 11?
-5
f (base 16) to base 15
10
-7 (base 14) to base 2
-111
-67 (base 9) to base 14
-45
Convert -5 (base 6) to base 14.
-5
49 (base 12) to base 3
2010
-33 (base 10) to base 11
-30
-1 (base 5) to base 4
-1
11 (base 13) to base 14
10
-3 (base 10) to base 8
-3
Convert 2 (base 6) to base 16.
2
Convert 1 (base 13) to base 2.
1
What is 9 (base 10) in base 14?
9
What is -3 (base 15) in base 8?
-3
What is 0 (base 6) in base 12?
0
Convert -22 (base 14) to base 12.
-26
-22 (base 4) to base 16
-a
What is 53 (base 14) in base 6?
201
3c (base 14) to base 16
36
Convert -2 (base 5) to base 14.
-2
3 (base 12) to base 10
3
Convert -85 (base 12) to base 7.
-203
What is -47 (base 12) in base 16?
-37
What is -332 (base 4) in base 6?
-142
What is 123 (base 5) in base 8?
46
Convert 44 (base 6) to base 14.
20
-3 (base 5) to base 4
-3
What is -7 (base 12) in base 9?
-7
What is 45 (base 16) in base 8?
105
What is 8 (base 15) in base 5?
13
What is 3 (base 5) in base 6?
3
What is 114 (base 7) in base 12?
50
What is 23 (base 15) in base 5?
113
-1 (base 2) to base 14
-1
Convert -2 (base 6) to base 4.
-2
Convert 0 (base 2) to base 4.
0
What is 50 (base 16) in base 6?
212
-2 (base 4) to base 16
-2
13 (base 5) to base 4
20
414 (base 5) to base 12
91
10000110 (base 2) to base 10
134
52 (base 7) to base 5
122
Convert -3 (base 12) to base 9.
-3
Convert -10 (base 11) to base 15.
-b
Convert 5 (base 14) to base 5.
10
-2b (base 16) to base 2
-101011
Convert -2 (base 10) to base 11.
-2
Convert 1111 (base 3) to base 4.
220
-41 (base 11) to base 13
-36
-171 (base 11) to base 5
-1244
Convert -a (base 14) to base 7.
-13
What is 3 (base 16) in base 13?
3
What is 2 (base 15) in base 13?
2
Convert 40 (base 16) to base 5.
224
What is 10 (base 13) in base 6?
21
Convert -4 (base 7) to base 14.
-4
-14 (base 9) to base 4
-31
What is -c9 (base 15) in base 12?
-139
54 (base 8) to base 7
62
What is -7c (base 13) in base 8?
-147
-130 (base 4) to base 14
-20
What is -a (base 13) in base 16?
-a
What is -2103 (base 5) in base 11?
-233
Convert 1 (base 8) to base 2.
1
What is -2 (base 9) in base 5?
-2
-3 (base 14) to base 12
-3
What is 4 (base 15) in base 4?
10
-2 (base 7) to base 9
-2
Convert -100 (base 4) to base 6.
-24
What is 0 (base 7) in base 13?
0
Convert d (base 14) to base 10.
13
Convert 1 (base 11) to base 14.
1
Convert 11 (base 9) to base 4.
22
Convert -1 (base 3) to base 14.
-1
What is 1 (base 13) in base 7?
1
-65 (base 8) to base 14
-3b
2 (base 3) to base 10
2
a5 (base 12) to base 11
104
Convert 2 (base 11) to base 14.
2
-18 (base 9) to base 16
-11
1 (base 3) to base 11
1
Convert 12 (base 3) to base 14.
5
What is -1331 (base 4) in base 7?
-236
-66 (base 9) to base 15
-40
-37 (base 9) to base 14
-26
-3 (base 6) to base 9
-3
What is 43 (base 5) in base 10?
23
What is 3 (base 16) in base 10?
3
Convert 83 (base 14) to base 15.
7a
Convert b (base 14) to base 8.
13
151 (base 8) to base 14
77
What is -111 (base 4) in base 13?
-18
What is 11 (base 6) in base 2?
111
Convert 42 (base 16) to base 3.
2110
Convert 100001001 (base 2) to base 6.
1121
What is 1001 (base 2) in base 15?
9
-13 (base 6) to base 12
-9
Convert 21 (base 4) to base 3.
100
What is 11 (base 11) in base 12?
10
1 (base 7) to base 11
1
What is -2414 (base 5) in base 3?
-111022
Convert -303 (base 4) to base 13.
-3c
Convert -11 (base 5) to base 12.
-6
128 (base 15) to base 12
19b
2 (base 8) to base 5
2
-1 (base 4) to base 9
-1
-38 (base 10) to base 14
-2a
Convert 150 (base 9) to base 10.
126
What is -6 (base 15) in base 16?
-6
-6 (base 13) to base 7
-6
1133 (base 4) to base 7
164
What is -2 (base 4) in base 2?
-10
Convert -225 (base 10) to base 9.
-270
Convert -2 (base 9) to base 11.
-2
What is -2 (base 9) in base 3?
-2
111 (base 4) to base 8
25
17 (base 11) to base 15
13
What is -12 (base 7) in base 10?
-9
What is -3 (base 14) in base 11?
-3
Convert -14 (base 11) to base 2.
-1111
Convert 37 (base 12) to base 2.
101011
-12 (base 6) to base 5
-13
Convert -111 (base 3) to base 4.
-31
-13 (base 4) to base 10
-7
46 (base 10) to base 13
37
What is 3 (base 4) in base 5?
3
Convert 4 (base 14) to base 2.
100
2001 (base 3) to base 6
131
Convert 22 (base 5) to base 4.
30
Convert 112 (base 5) to base 6.
52
What is -3 (base 12) in base 6?
-3
Convert -37 (base 15) to base 2.
-110100
-11 (base 10) to base 6
-15
What is -189 (base 10) in base 2?
-10111101
What is 10 (base 2) in base 5?
2
What is 46 (base 14) in base 8?
76
Convert 3 (base 11) to base 2.
11
Convert 4 (base 6) to base 2.
100
What is a0 (base 12) in base 4?
1320
Convert 20 (base 3) to base 6.
10
12 (base 5) to base 4
13
-11 (base 4) to base 5
-10
Convert -102 (base 3) to base 15.
-b
What is -243 (base 9) in base 6?
-533
What is -5 (base 8) in base 16?
-5
-3 (base 13) to base 10
-3
What is -3 (base 8) in base 3?
-10
Convert -c (base 14) to base 15.
-c
What is 5 (base 15) in base 13?
5
2 (base 7) to base 11
2
What is -4 (base 5) in base 8?
-4
What is 4 (base 7) in base 6?
4
What is -19 (base 16) in base 2?
-11001
3 (base 14) to base 12
3
10 (base 3) to base 5
3
Convert -6 (base 8) to base 3.
-20
Convert -1 (base 2) to base 12.
-1
What is -14 (base 12) in base 14?
-12
Convert 11100 (base 2) to base 4.
130
Convert 0 (base 15) to base 10.
0
Convert 2a (base 16) to base 13.
33
Convert 26 (base 7) to base 4.
110
Convert 1331 (base 4) to base 10.
125
Convert 21 (base 3) to base 7.
10
Convert 322 (base 4) to base 14.
42
What is -6 (base 12) in base 16?
-6
Convert -26 (base 9) to base 12.
-20
101 (base 2) to base 5
10
What is 242 (base 7) in base 14?
92
Convert 2 (base 15) to base 5.
2
Convert 4 (base 8) to base 3.
11
What is 2 (base 12) in base 6?
2
What is 34 (base 5) in base 16?
13
What is 10 (base 10) in base 11?
a
Convert 21002 (base 3) to base 16.
bf
Convert -2 (base 11) to base 12.
-2
What is -1010 (base 2) in base 13?
-a
Convert -64 (base 15) to base 13.
-73
Convert 2 (base 16) to base 5.
2
4 (base 6) to base 9
4
What is -9 (base 15) in base 5?
-14
Convert 3 (base 12) to base 11.
3
Convert -156 (base 14) to base 6.
-1132
What is 313 (base 4) in base 3?
2001
Convert c (base 13) to base 4.
30
1023 (base 4) to base 8
113
Convert 100101 (base 2) to base 6.
101
Convert 455 (base 8) to base 7.
610
What is 66 (base 15) in base 10?
96
What is 4 (base 8) in base 15?
4
-2 (base 16) to base 9
-2
Convert -18 (base 10) to base 4.
-102
Convert 45 (base 8) to base 12.
31
What is -12 (base 11) in base 9?
-14
Convert -5 (base 15) to base 6.
-5
What is -2 (base 13) in base 5?
-2
Convert -1 (base 15) to base 16.
-1
What is 5 (base 9) in base 16?
5
What is 1 (base 15) in base 8?
1
Convert 0 (base 9) to base 4.
0
Convert 10 (base 4) to base 10.
4
What is 40 (base 15) in base 7?
114
-2 (base 15) to base 11
-2
54 (base 13) to base 5
234
Convert -6 (base 11) to base 5.
-11
Convert -145 (base 6) to base 3.
-2102
0 (base 8) to base 6
0
Convert 2 (base 4) to base 14.
2
Convert -11 (base 11) to base 4.
-30
12 (base 3) to base 4
11
Convert -10 (base 3) to base 6.
-3
Convert -49 (base 10) to base 16.
-31
Convert -214 (base 5) to base 13.
-47
Convert 14 (base 8) to base 15.
c
Convert b (base 16) to base 5.
21
-f (base 16) to base 7
-21
1 (base 14) to base 16
1
-3 (base 7) to base 14
-3
Convert -b3 (base 16) to base 15.
-be
What is 5 (base 15) in base 14?
5
Convert 35 (base 6) to base 11.
21
Convert 3 (base 9) to base 2.
11
Convert 62 (base 10) to base 12.
52
Convert 15d (base 16) to base 6.
1341
-3 (base 9) to base 16
-3
What is 22 (base 4) in base 14?
a
-1 (base 7) to base 4
-1
1 (base 15) to base 14
1
Convert -2 (base 6) to base 3.
-2
Convert -323 (base 4) to base 8.
-73
What is 10 (base 13) in base 4?
31
What is 4 (base 13) in base 12?
4
Convert 1 (base 12) to base 13.
1
Convert 24 (base 7) to base 11.
17
What is -20 (base 3) in base 10?
-6
Convert 0 (base 14) to base 2.
0
24 (base 10) to base 7
33
Convert -3 (base 15) to base 5.
-3
3 (base 6) to base 11
3
113 (